at is the value of (1 - 6) + 1 - (-40 - -59 - 11)?
-12
20 + (5 - (27 - 0))
-2
0 + -10 + -4 + 6
-8
What is the value of (9 - 0) + (-15 - -24 - 1) + 0?
17
What is the value of (-11 - (-11 - -20 - 10)) + 14?
4
What is 8 + (0 - (-7 - -11))?
4
Calculate -9 + (6 - ((6 - 3) + 6)) + -3.
-15
Calculate 36 + (43 - 47) - 13.
19
Calculate 3 - (0 - (-22 + 3) - 3).
-13
15 - 24 - -24 - (13 + 3)
-1
Calculate -11 + (17 - (12 + -7)) + 18 + 1.
20
What is the value of 2 + (9 + -19 - -16)?
8
Calculate (-16 + 8 - -8) + 36 + (-9 - -5).
32
Evaluate -12 + -37 + 30 + -3.
-22
What is -6 - (-8 + (-3 - (-7 + -4 + 15)))?
9
Evaluate -5 + (1 - (-9 + 10)).
-5
What is 0 + -46 - (-1486 + 1455)?
-15
What is (-21 - 6 - -22) + 26?
21
-12 + 108 + -99 - (-35 + 2 + -2)
32
Evaluate -14 - ((17 + -12 - (4 - -1)) + -1).
-13
-53 + 45 - (4 + 0 + -1)
-11
5 + -1 - (-11 + (-4 - (-7 + 5)))
17
(-35 - -16) + 39 + (-1 - (-3 - -5))
17
Evaluate -13 + 3 + (-11 - -6).
-15
Evaluate -55 + 47 - (-16 + -13).
21
(-39 - 23) + 68 + 1 + -2
5
Evaluate (1 - ((0 - 0 - -4) + -7)) + 0.
4
What is the value of (22 - (-8 + 30)) + (18 - 2)?
16
What is (-1 - 2) + (-1 + -3 - (-38 + 36))?
-5
(0 - -16) + 0 - (205 - 210)
21
What is the value of 7 + 0 - (-10 + 6 - -1)?
10
Evaluate (6 - 2 - -2) + (5 + 14 - -7).
32
Calculate (-28 - 10 - -22) + 4.
-12
What is (10 - (-13 - -21)) + -18?
-16
What is the value of -1 - (11 + -31) - -4?
23
What is the value of 3 + -16 - (-12 + 4)?
-5
What is the value of -22 - 0 - (-21 - -4 - -9)?
-14
6 + 6 + (-2 - -4)
14
(3 - -24) + (0 - 4) - 6 - 5
12
What is the value of -2 + -22 + 6 - (-55 + 41)?
-4
Evaluate (2 - -2 - (-2 + 8 + 0)) + 8.
6
What is 33 + 7 - 34 - (0 + (12 - 1))?
-5
What is the value of -110 + 113 - (0 + 0)?
3
Evaluate -36 + 16 - -23 - -6.
9
What is -22 - (-8 + (-9 - -3) + 5)?
-13
Evaluate (1 - 5) + -2 - -5 - 6 - -4.
-3
Calculate -9 - (-2 - -3 - (3 + 1)).
-6
Evaluate 32 + -25 - (19 + -2).
-10
Evaluate 8 + (2 - (20 + -1) - 1).
-10
What is 7 + (18 - 56) - -16?
-15
What is 75 - 80 - (-4 + 4 + -46)?
41
Evaluate -1 - -18 - (12 + -20 + 15).
10
Evaluate (4 - (-1 - -5) - 5) + 6 - -2.
3
What is the value of -14 + (3 - (1 - 7)) - -3?
-2
47 + -59 + (24 - 18)
-6
Calculate -22 + (83 - 57) - ((-2 - -4) + 3).
-1
(-24 - -11) + 4 + 1 + -4 + -2
-14
Evaluate -16 + -1 - (289 + -322).
16
What is -6 + (7 - 15) + 7 + -3?
-10
(92 - 40) + -82 - (-5 - (0 + 1))
-24
What is the value of 3 + 2 + -1 + 21 + -35 + 38?
28
What is -8 - (0 + 2 + (-24 - -12) + 18)?
-16
What is the value of -24 + (4 + 1 + -9 - -5) + 5?
-18
(-9 - (5 - 7)) + (1 - -15)
9
0 + (4 - (5 + -2 - 3)) + -6
-2
Evaluate (3 - (0 + -2)) + -15 + 39 + -31.
-2
Calculate -10 + (6 - (-10 - 3)).
9
What is 6 + 6 - (0 - (10 + -30))?
-8
Calculate 0 - (-1 + 0 + 1) - (-21 + 11).
10
Evaluate (6 - -1) + 1 + (-37 + 58 - 37).
-8
What is (26 + 2 - 30) + 28 + -2?
24
What is the value of -1 - 2 - 2 - 6 - (0 + 1)?
-12
What is the value of -8 + -7 + (-8 - 0 - -20)?
-3
Calculate 26 + -28 + 16 - (18 - 5 - 2).
3
What is 4 + (12 - -12 - (-8 + 24))?
12
What is the value of 2 + -10 - ((6 - -2) + 1 - 10)?
-7
What is the value of 20 + -40 + 11 - -13?
4
-39 + 15 + 8 + -3 + -10
-29
Calculate 62 + -48 + (-1 - 29).
-16
What is -2 + (-2 + 11 - (-4 - -4))?
7
What is the value of 17 + -31 + (24 - 25)?
-15
Evaluate 1 - 16 - (-1447 + 1459).
-27
What is the value of 1 + 8 + -24 + -17 + 34?
2
What is the value of 0 - (0 + -2) - (16 + -15 + -2)?
3
Evaluate -86 + 91 - (2 + (2 - -2)).
-1
What is the value of 4 + (5 - (-49 - -56 - (-1 - 2)))?
-1
What is 35 - (0 - (-6 + (2 + -4 - 1)))?
26
(21 - (15 + -14)) + (-7 - 3) + -20
-10
Calculate (8 - (-2 + 2)) + (7 - (-11 - -10)).
16
What is the value of (0 - -32) + (-159 - -122)?
-5
Calculate (57 - 54) + 0 + -15.
-12
(-11 - -4 - (4 - (6 - 6))) + -27
-38
What is (1 - 2) + 20 + (-3 - (8 - 5))?
13
What is 6 + 18 - 24 - 0?
0
Calculate 8 - ((-18 - -31) + -12).
7
Calculate -5 - (6 + -4) - (3 - (18 - -3)).
11
Calculate -3 - 1 - (-17 + 10 + 2).
1
What is -529 + 556 + -2 + (1 - -9)?
35
What is the value of -50 + 52 - (1 - -3 - (15 - 27))?
-14
29 - (-23 - (21 - 62))
11
Evaluate 2 + (-5 - (-6 + 6 + 0)) - -3.
0
What is the value of -2 - -28 - (-1079 + 1119)?
-14
What is (-52 + 17 - -11) + 28?
4
What is -2 - (-9 + 9) - (17 - 5)?
-14
Calculate -3 + (-22 + 32 - 10).
-3
Evaluate 5 - -2 - (4 - (-5 + -2 - -11)).
7
What is the value of -7 - ((-17 - -8 - -5) + -10) - -5?
12
Evaluate 38 + (11 - (4 + 24)).
21
Evaluate 0 + -5 + (-20 + 36 - (11 + 2)).
-2
Calculate (-6 - -1) + 9 + (8 - (-2 - -5)).
9
Calculate (40 - 5) + 66 + -74.
27
What is the value of -1 + -14 - (1 + (-2 - 9))?
-5
-8 + (6 - 3 - -1 - -12)
8
What is the value of (-17 - (-1 - 14)) + -7 + -1?
-10
What is the value of (82 - 80) + (-5 + 3 + 0 - 1)?
-1
What is -2 + 1 - (0 + 15 + -6 - 5)?
-5
What is the value of 17 + -22 + 7 + -4?
-2
Evaluate 3 + 0 + -2 - (13 + (3 - 15)).
0
-27 - (-15 - (1 + -4) - (7 - 15))
-23
What is -8 + (-16 - (-13 + -11) - 15)?
-15
3 - (-7 + (0 - 7 - 1) - -9)
9
Evaluate 4 + -9 + 15 + -2.
8
Calculate -2 + -16 + 7 + 18 + -12.
-5
(-17 - -22 - (0 + 2)) + 3
6
Evaluate -91 + 76 - (-2 + 5 + -3 + -2).
-13
What is (14 - 10 - 14) + 6 + 1?
-3
-49 + 27 + -13 + 10
-25
What is the value of 2 + 1 + 4 + (-8 - -5) - -2?
6
Evaluate (-17 - (-5 - 17)) + -2.
3
What is -22 + 7 + (0 - -27)?
12
Calculate 17 + (-32 - (-13 + 12)).
-14
13 + -3 + -10 - 17
-17
What is (8 + (-19 - -10) - 1) + 1?
-1
What is -5 + -5 + -15 + (-11 - -24 - 14)?
-26
Evaluate 1 + 9 + 157 + -173 - 3.
-9
-7 - 3 - -11 - -18
19
-1 - (1 - 1) - (-12 - -5 - -13)
-7
Evaluate -10 + 4 - (17 + -12 + 4 + 6).
-21
5 - (15 - 11) - -10
11
What is the value of 2 - (3 - 14) - (1 - 4)?
16
What is -51 + 62 + 25 + -56?
-20
What is 1 + (4 + -15 + 0 + 0 - -3)?
-7
What is the value of -8 + (34 - 28 - (14 - 4))?
-12
What is the value of (3 - -4) + 4 + (18 - (3 + 4))?
22
What is the value of -20 + -37 + (51 - -1)?
-5
Evaluate 10 - (31 + -13 + -19).
11
Calculate 1 + (7 - 2) + -2 - (-409 - -404).
9
17 + (-5 - (-7 + -2 - 0)) + -12
9
4 - (-4 + 1) - -7
14
What is -1 + -1 - (15 + (-1 - 6))?
-10
What is -10 - -19 - -9 - 5?
13
What is -8 + 3 + (4 + -7 + 20 - 6)?
6
Evaluate -2 + -7 - (-64 - -57).
-2
(49 - 41) + (-2 - -1 - 7)
0
Evaluate (12 - -13) + 28 + -46.
7
What is -2 + 12 - ((30 - 2) + -23)?
5
Calculate -11 - (-7 + 32) - (0 - 6).
-30
(-11 - -14) + -5 + 7
5
What is (-186 + 187 - (-1 - 37)) + 2 + -5?
36
Evaluate (240 - 253) + 10 + -1 + -23.
-27
Calculate (-1 - (9 - 21)) + -10 + -4.
-3
What is the value of -24 + 4 + 9 + 0?
-11
Evaluate 2 - (-12 + 16 + (0 - -1)) - 5.
-8
-9 + 13 + 9 + 11
24
1 + (-3 - (4 + -9)) - -1 - 18
-14
What is (-34 - -4 - -15) + 13 - -4?
2
-34 - ((6 - 18) + 10 + -6) - 7
-33
Calculate -4 - (24 - 33 - (-2 - 2)) - -1.
2
21 + (-2 + 4 - 16)
7
Evaluate (-16 - -12) + (-4 - -5) + -3.
-6
Evaluate -32 + 1 + 25 + (31 - 2).
23
(-15 - (-15 - 6)) + -8 + 0
-2
Calculate (53 - 55) + -7 + -2.
-11
Calculate (-2 - 1) + 16 + -13 + -6 + 2.
-4
Evaluate 0 + -3 + 12 + -3 - (-74 + 92).
-12
Calculate 0 - 10 - (61 + -59) - 3.
-15
Calculate -13 - (5 + (-12 - (10 - 2)) - -4).
-2
Calculate -170 - -164 - (-1 + -2).
-3
Calculate -28 + 23 - 11 - (-1 + -10).
-5
(6 - 0 - (5 - 4)) + 845 + -868
-18
Evaluate 8 + 7 + -6 + 0.
9
8 - 2 - (5 + (4 - (-2 - -1)))
-4
What is -113 - -78 - (-4 + 4 - 2 - 4)?
-29
Evaluate (-18 - (7 - 0)) + 13.
-12
Calculate -3 + 0 - (2 - 0 - 0).
-5
4 - (-1 - 8 - -18)
-5
Calculate (0 - -14) + -1 - (2517 + -2509).
5
What is -1 - (13 - -3 - (11 - 3))?
-9
What is (25 - 10) + -6 - 2?
7
Evaluate -6 - (7 - 17) - 7.
-3
12 - 8 - 6 - 3 - (-3 + -2)
0
What is 60 + -26 + 18 + -37?
15
(0 - 0) + (-4 - (-9 + -4)) + -38
-29
15 + (-16 - (-10 + -11 - -3))
17
Calculate -8 + (-3 - 5) - (0 - 0).
-16
Calculate -14 - (10 + -37) - 14.
-1
Calculate (4 - 1 - -19) + -3 - (145 - 153).
27
What is -3 + (0 + -8 - -4) + 9?
2
4 + -21 - (-22 + 6 - -12)
-13
Calculate (1 - 2 - 1) + (12 - (44 + -34)).
0
Calculate (4 - -3) + -14 + 15.
8
Evaluate (0 - -5) + (-7 - 5) + 6.
-1
(-7 - 0) + (-64 - (-79 - -38))
-30
What is (-43 + 30 - 39) + 34?
-18
Calculate 39 + (52 - 33) + -35.
23
What is (-10 - (-5 - (-9 + 7))) + -7?
-14
What is 4 + (-4 + 1 + 2 - (5 + -4))?
2
What is the value of (-837 - -836) + -1 + -1?
-3
3 + (-10 - -23) - (-2 - 3) - 6
15
What is the value of 8 + -1 - ((42 - 102) + 39)?
28
Calculate (-10 + 10 - 19)